f o?
7
Suppose -130 = -3*m - 2*t, -2*m = m + 3*t - 135. Suppose -3*z - 30 = 3*o, -m = 2*z + o - 3*o. Let q = 39 + z. What is the units digit of q?
4
Let v be (2 - 55/(-5)) + -3. Let m(s) = -v*s**2 + s**3 + 0*s**3 - 45*s + 6*s + 7 + 7. What is the tens digit of m(13)?
1
Let l = -132 - -134. Suppose 0 = -3*v + 5*z + 26, -l*v - 2*z + 95 = 3*v. What is the tens digit of v?
1
Suppose -112*j + 1543050 = -20*j + 35*j. What is the ten thousands digit of j?
1
Let b = 8893 - 817. What is the hundreds digit of b?
0
What is the tens digit of 0/(-5) + (46/2)/((-4)/(-1220))?
1
Suppose -2*g + 11791 = 3*t + 3578, 3*g + 5*t - 12320 = 0. What is the units digit of g?
5
Let z(t) = -729*t - 627. What is the ten thousands digit of z(-15)?
1
Let i(t) = -t**2 - 1. Let y be i(-1). Suppose -3*z + q = -31 - 115, 0 = -3*z + 3*q + 156. What is the units digit of z - y/((-2)/(-1))?
8
Let k = -552 + 524. Let c(b) = -63*b + 43. What is the units digit of c(k)?
7
Suppose -t = -v - 8991, -4*t + v - 35949 = -8*t. What is the tens digit of t?
8
Suppose 3*v + 6 = 5*d, -5*d - 7*v + 9 = -9*v. Suppose 0 = -2*p - d*p + 5195. What is the tens digit of p?
3
Suppose -4*m + 2*m = -j + 22, -46 = -j - 4*m. Suppose -4*r + 2*k + j = 0, -4*k = -6*k - 10. What is the tens digit of ((-4)/r)/(2/(-30))?
1
Let u = 4234 - -10844. What is the units digit of u?
8
Let i(p) = 123*p - 1897. What is the thousands digit of i(88)?
8
Let k(z) = -z**2. Let a(t) = -62*t**2 - 19*t - 51. Let w(h) = -a(h) - 3*k(h). What is the units digit of w(-3)?
9
Let y = 796 + -289. Suppose -2*q + y = -2703. What is the thousands digit of q?
1
Let c(j) be the third derivative of j**5/30 + j**4 - 49*j**3/6 - 39*j**2. What is the tens digit of c(-18)?
6
Suppose -2*d + 302 = -3*j, 2*j - 2*d + 251 = 47. Let f be -15*(-16 + 3)/(-1). Let t = j - f. What is the tens digit of t?
9
Let z be (42/(-28))/3*(-1788 + 0). Let x = -384 + z. What is the tens digit of x?
1
Let v(l) = 628*l - 3001. What is the thousands digit of v(18)?
8
Suppose -3*f + 8 + 121 = 0. Suppose -f + 99 = 2*n. What is the tens digit of n?
2
Suppose -5*t = 2*f + 27, f - 3 = 2*t + t. Let m be (-2 - -4) + f/(-2). Suppose 234 - 9 = m*b. What is the units digit of b?
5
What is the units digit of 6761/(((-54)/(-20) - 3) + (-20)/(-50))?
0
Let p(g) = 4*g**3 - 39*g**2 + 259. What is the thousands digit of p(25)?
8
Let m = 128 - 128. Suppose -18*h + 6*h + 4368 = m. Let r = h + -165. What is the hundreds digit of r?
1
Let f = 42 + -50. Let z(v) = -v**3 - 5*v**2 + 2*v + 9. Let i be z(f). Suppose i - 49 = 4*o. What is the tens digit of o?
3
Suppose 0 = -10*j - 2113 + 253. Let t = j + 235. What is the units digit of t?
9
Let u be 60/210 - 19/(-7). Suppose 5*p + 5*d = 2*d, 2*p = u*d + 21. Suppose 0 = p*w + 5*h - 139 - 113, 3*w = -2*h + 261. What is the units digit of w?
9
Suppose 6*w + 36 = 18*w. Suppose w*h + 2*h - 410 = 0. Suppose 0 = -2*l + 4*t + h, 0 = -5*l + 7*t - 2*t + 225. What is the tens digit of l?
4
Suppose 2*v = 5*s - 40137, 0 = 2*s + v + 4261 - 20314. What is the units digit of s?
7
Let j(n) = -204*n + 1399. What is the hundreds digit of j(0)?
3
Suppose 0 = 1031*k - 1137*k + 3881296. What is the thousands digit of k?
6
Suppose 4*o + 5*t - 30 = 0, -3*t - 6 = -6*t. Suppose o*r - 24 = 9*r. What is the tens digit of (-165)/(-6)*r/15*-5?
5
Suppose -44411 = 20*p + 8869. Let y = -1542 - p. What is the tens digit of y?
2
Let k(w) = 33*w**3 - w**2 + w. Suppose -13*d + 5 = -8*d. Let f be k(d). Let j = 122 - f. What is the units digit of j?
9
Suppose -4*l + 0*l + 4*u + 892 = 0, 0 = -2*l + 5*u + 437. Let a = 388 - l. What is the units digit of a?
2
Suppose 0 = -4*w + 5*i + 521, -w + 5*i - 382 = -4*w. Let p = 113 + w. What is the tens digit of p?
4
Suppose -15323 = -3*h + 4*z, 2*z - 25535 = -5*h + 7*z. What is the hundreds digit of h?
1
Suppose u - 2*t + 15 = -0*u, 2*u = -4*t - 30. What is the tens digit of (924/60)/((-1)/u)?
3
Suppose -m - 228396 = -28*m + 17358. What is the tens digit of m?
0
Suppose -3*b - 2*a + 3*a = -4, 0 = -4*b + 2*a + 2. Suppose -h = -5*k - 724, 1548 = b*h + k - 656. What is the units digit of h?
4
Let l be (4/1 + -1)*48/9. Let u(s) = 31*s**2 + 34*s**2 - 5*s - 4 - l*s**2. What is the tens digit of u(-1)?
5
Let j(x) = 6*x + 6. Let y be j(12). Suppose 10*i + y = 448. Let g = i - 28. What is the units digit of g?
9
Suppose -2*o = 5*v - 18563, 0 = -4*v + 71*o - 67*o + 14884. What is the units digit of v?
5
Let i(k) = 4*k + 3. Suppose 2*r + 5*f + 18 = 0, 3*r = -2*r + 3*f + 17. Let t be i(r). Suppose -191 = -t*p + 180. What is the tens digit of p?
5
Let w(r) = 7*r**2 + 5*r + 22. Let z be w(21). Suppose -z = -6*j + 2360. What is the units digit of j?
9
Let q(y) = -3*y + 50. Let p be q(10). Let f = p + 0. What is the hundreds digit of -4 - 10*5/(f/(-86))?
2
Suppose -91 = 7*b - 14*b. Suppose -3*j = 9, -b = -i - 5*j + 3*j. Suppose 2*w + 0*f + 3*f = 36, -2*f = w - i. What is the tens digit of w?
1
Let c(z) be the second derivative of -z**4/12 - z**3/6 + 31*z**2 + 32*z. Let w be c(-8). Suppose 0 = -w*p + 431 + 25. What is the units digit of p?
6
Let m(j) be the first derivative of -281*j**2/2 - 92*j - 10. Let y(b) = 70*b + 23. Let k(o) = -2*m(o) - 9*y(o). What is the tens digit of k(-3)?
8
Let y(k) = k**3 - 29*k**2 - 24*k + 10. Suppose 0 = 3*a - 9*a + 180. What is the hundreds digit of y(a)?
1
Suppose 4*o + 86659 = -44957. What is the tens digit of (-6)/(-4)*o/(-54)?
1
Let g(d) be the third derivative of -11*d**4/8 + 43*d**3 + 3*d**2 + 22. What is the tens digit of g(-19)?
8
Suppose -y - z + 11 = -0*z, -47 = -4*y - z. Let u = y - -12. What is the units digit of u*((-21)/6 + 4)?
2
Suppose -294*r - 957319 = -323*r. What is the tens digit of r?
1
Suppose m - 1822 = -2*c + 49754, -4*m = -6*c + 154686. What is the hundreds digit of c?
7
Let p = -344 - -346. What is the hundreds digit of ((-3717)/(-6) + -1)/(1/p)?
2
Let b = -12173 - -13243. What is the hundreds digit of b?
0
Suppose -481000 = -72*b + 577112. What is the hundreds digit of b?
6
Suppose -4*k = -3*i - 154148, -2*k - 27608 = -5*i - 104696. What is the ten thousands digit of k?
3
Suppose -2*w = 10, -10 = 4*k - w - 19. What is the units digit of k*((-20)/(-4))/(-5)*-49?
9
Let h be -1 + 0 + 0 + (-52923)/(-23). Suppose -150 = -7*l + h. What is the tens digit of l?
5
Suppose -2*l - 3*c - 24 = 0, -10*l - 60 = -5*l - 5*c. What is the units digit of (-5 - l) + -3*1 - -205?
9
Let c(f) be the first derivative of -f**3/3 - 28*f**2 - 38*f + 81. What is the tens digit of c(-41)?
7
Let l(h) = -13*h + 15. Let r(n) = n. Let c(q) = 15*q - 15. Let j(u) = -c(u) + 3*r(u). Let i(t) = 3*j(t) - 2*l(t). What is the tens digit of i(-8)?
9
Suppose 2 + 10 = -4*f, v - 457 = f. Let m = -263 + v. What is the tens digit of m?
9
Let b be (-56 + 1/1)*(-96)/80. Let c = -62 + b. What is the units digit of ((-21)/6)/(-7) + 66/c?
7
Let a(q) be the third derivative of -q**4/12 + q**3/2 - 33*q**2. Let o be a(-4). What is the hundreds digit of o/(-11) + 304/2?
1
Let x(u) = 177*u + 1778. What is the units digit of x(8)?
4
Suppose 0 = 5*v - 20*v - 1680. What is the tens digit of v/(-16) - (-1442)/1?
4
Let y(o) = -11*o**2 + 35*o**2 + 31 - 27*o**2 - 42*o. What is the units digit of y(-13)?
0
Suppose 3 - 59 = 4*d. Let z = -6 - d. What is the tens digit of 6/(-45) - z/30*-173?
4
Suppose k = a - 2, -3*k = 4*a - 4 - 4. Suppose -4*r + 370 = -a*q, -2*r + 67 + 112 = 5*q. What is the tens digit of r?
9
Let z(c) = 8*c + 10. Let w be z(2). Let h = 11 - w. What is the units digit of ((-605)/h - 2)*6?
0
Suppose 22*p + 14726 = 272610. What is the tens digit of p?
2
Suppose 18*v - 109990 = 13*v - 4*l, -2*v = 4*l - 43984. What is the ten thousands digit of v?
2
Suppose 11*s + 1640 = 9*s. Let v = -531 - s. What is the units digit of v?
9
Let w = -9 - -11. Suppose 55 = -w*y - 73. Let t = y + 160. What is the units digit of t?
6
Suppose 775*d = 735*d + 501640. What is the ten thousands digit of d?
1
Let h(i) = 3*i + 27 - i + 50558*i**2 - 50551*i**2. What is the hundreds digit of h(-8)?
4
Let s = 11188 - -5896. What is the ten thousands digit of s?
1
Let x = 165954 - 88550. What is the tens digit of x?
0
Suppose -50*x + 1486 = -49*x. Suppose -8*o + 6*o = -x. What is the tens digit of o?
4
Let g be (-4 + 0)/(6 - (-10336)/(-1720)). Suppose 2*u - 1690 = 4*y, 3*u = 7*y - 6